et k = -42 + 82. Let y = k - -37. Calculate the greatest common divisor of 11 and y.
11
Let w = 10 - 7. Suppose w*r - 42 = -2*p - 0*r, 64 = 3*p + 4*r. What is the highest common factor of 16 and p?
8
Let x = -37 - -57. Calculate the highest common factor of 60 and x.
20
Let p = -48 + 52. Calculate the highest common factor of p and 12.
4
Let b be ((-1)/3)/(5/(-75)). Let w be 3*(b - -2) - 3. Calculate the greatest common divisor of w and 45.
9
Let m = -11 + 38. What is the highest common divisor of m and 216?
27
Suppose -3*x + 42 = -y, y - 2*y + 28 = 2*x. Calculate the highest common factor of 7 and x.
7
Let w = 5 + -1. Suppose w*o - 50 = 3*d - d, -4*o + 47 = -3*d. Let k be (-4)/o + (-65)/(-7). What is the greatest common factor of 18 and k?
9
Suppose 4*g - 756 = -4*a, -2*a - 2*g + 372 = 2*g. What is the highest common factor of 6 and a?
6
Suppose 24*u - 630 = 17*u. Let m = -45 + 81. Calculate the highest common factor of m and u.
18
Let w(l) = -l**3 - l**2 + 70. Suppose -2*m = -m. Let q be w(m). Suppose 0*y = 5*y - q. Calculate the highest common divisor of y and 35.
7
Let x be 0*2/(-6)*1. Suppose x = 4*g + w + 6 + 9, -5*g - w = 19. Let u be (g/6)/(4/(-168)). Calculate the highest common factor of 4 and u.
4
Suppose 0*l - 3*l + 6 = 0. What is the greatest common factor of l and 6?
2
Suppose 2*v - 4*h = -0*v + 26, 59 = 3*v - 2*h. Suppose -4*z - 873 = v. Let a = -81 - z. What is the greatest common divisor of a and 13?
13
Let a be ((-2)/6)/((-7)/(-21)). Let j(p) = p + 6. Let b be j(8). Let u = a + b. What is the highest common factor of 143 and u?
13
Let w(x) = x**2 + 8. Let v be w(3). What is the greatest common divisor of v and 51?
17
Let n(b) = b**2 + b + 21. Let d be n(-8). Calculate the highest common divisor of d and 7.
7
Let u = -23 + 37. Calculate the highest common divisor of u and 126.
14
Suppose 0 = -3*i + 5*p - 18, 0*p = -3*i + p - 6. Let x = 13 + i. Suppose 4*r - 178 = 206. Calculate the highest common divisor of x and r.
12
Let s = -10 - -11. Suppose 8*d - 12 = 4*d. Calculate the greatest common factor of s and d.
1
Suppose -3*c + 5*q + 105 = c, 0 = -4*c - 3*q + 65. What is the greatest common factor of c and 12?
4
Let v(l) = 87*l + 15. Let x be v(4). Calculate the highest common divisor of x and 33.
33
Suppose -3*q + 81 = -183. Let o be ((-6)/(-12))/(1/(-60)). Let c be (16/(-5))/(12/o). Calculate the greatest common factor of c and q.
8
Let a be 164/10 - (-4)/(-10). What is the highest common factor of a and 16?
16
Suppose 11 = 4*n + 43. Let p be ((-6)/(-8))/((-3)/n). Calculate the greatest common divisor of 22 and p.
2
Suppose 5*r = 3*f - 61, 0 = 5*r + 25. What is the greatest common factor of f and 8?
4
Let j(w) = w**2 + 4*w + 6. Let k be j(-2). Calculate the greatest common factor of k and 22.
2
Let y = -18 + 25. Suppose -3*w + 2 + y = 0. Suppose -2*d = -25 + w. What is the highest common factor of d and 55?
11
Suppose 3*q - 28 = q. Let j = 65 - 44. Calculate the highest common divisor of q and j.
7
Suppose 5*g - 1757 = -d, -2*g = -0*g - 2*d - 710. Calculate the highest common divisor of g and 32.
32
Suppose 0 = -2*t - 4, -t - 16 = -5*i + 2*t. Calculate the greatest common factor of i and 18.
2
Suppose 2*h - 10 = 4*x, 5*h + 0*x - 53 = -4*x. Let l be (-2 + h - 0)*3. Let i = -10 + l. Calculate the highest common divisor of 33 and i.
11
Suppose x + 105 = 4*x. Calculate the highest common divisor of x and 14.
7
Suppose 3*u = u - 24. Let v be (u/(-5) - 2)*5. Calculate the greatest common factor of v and 6.
2
Let h be 2 + (-2)/1 - -5. Let a be 3/h - (-312)/5. Calculate the highest common divisor of a and 9.
9
Suppose 5*r = 28 + 72. What is the highest common factor of 50 and r?
10
Suppose 23 = -5*z + 3, 3*s + 2*z = 73. Suppose -2*y - 2*q + 77 = -s, q = 2*y - 92. Calculate the greatest common divisor of y and 32.
16
Let o = -5 + 8. Let j be (-1 - -2) + 4 + 1. Suppose 5*p - 4*f - 106 = 0, -o*f = -3*p + 4*p - j. Calculate the highest common divisor of p and 9.
9
Let l = 71 - 44. What is the greatest common divisor of 36 and l?
9
Let s = 24 - 14. Let l = s - 6. Let g = -30 - -34. What is the highest common divisor of l and g?
4
Let g(q) = 135*q**2 - q + 1. Let z be g(1). Suppose -3*d + z = 4*x, -6*d + 5 = -d. What is the greatest common factor of x and 22?
11
Suppose r + 2*v = 3, 4*r + 4 + 10 = 5*v. Let w be r*(2 - 3 - 0). Calculate the greatest common factor of w and 11.
1
Let u be (6 + -5)*1*10. Let g = u + 8. Let t be (-6)/(-8) - (-15)/12. What is the greatest common divisor of g and t?
2
Suppose 2*x + 1 = 23. Let z(k) = k**2 - 11*k + 3. Let n be z(x). What is the highest common divisor of 9 and n?
3
Let j = -3 - -3. Suppose 0 = -j*p - 3*p + 21. Suppose -41 = -5*w + 4*f, 3*w + 4*f = 2*f + p. Calculate the greatest common divisor of w and 10.
5
Let o = 18 + -3. What is the highest common factor of o and 120?
15
Suppose 3*h - 76 = h. Let w be (0 + 0 - 2) + h. Let m = w - 22. What is the greatest common factor of m and 2?
2
Let b be (-2 - -1)/((-1)/29). Suppose -5*k - 1 = b. Let q be (13/(-2))/(k/24). What is the highest common factor of q and 13?
13
Let n(v) = -19*v**3 + 4*v**2 + 3*v. Let c be n(-2). What is the highest common divisor of 6 and c?
6
Suppose 2 + 7 = 3*c. Suppose 0 = c*n - n. Let m be (-2 - (n - 1))*-121. What is the greatest common factor of 11 and m?
11
Let o = 33 + -5. Let s be 2/4*-6 - -10. Calculate the greatest common factor of s and o.
7
Let s = 9 - 4. Suppose 6*p - 2*p - 175 = -5*b, 0 = 2*b - s*p - 103. Suppose 4*f - 6 - 36 = -2*o, 4*o = 2*f + 44. Calculate the highest common factor of b and o.
13
Let k be (14 - 15)/(1/(-13)). What is the highest common divisor of k and 26?
13
Let x = -71 + 159. Suppose -5*j + 4*g + 226 = 0, 3*j = g + 42 + x. What is the highest common divisor of j and 6?
6
Suppose 0 = 3*j - 2*j. Suppose j*s + 55 = 5*s - c, 5*c = 2*s - 45. Let u be ((-1)/(-2))/(1/s). What is the greatest common factor of u and 20?
5
Let g(p) = 7*p - 1. Let j be g(1). Let t = -4 + j. Let y be (3/t)/(5/30). What is the greatest common factor of 36 and y?
9
Let x(l) = l**3 + 3*l**2 + 3*l + 1. Let o be x(-3). Let k = o + 6. Let g be (-96)/(-6)*(-1)/k. Calculate the highest common factor of 8 and g.
8
Let u = 43 - 24. What is the highest common factor of 133 and u?
19
Suppose 0 = l + 4*l + 20, -j + 11 = -2*l. Suppose -j*n = -9, 2*n = 4*t - 8*t - 166. Let p = 77 + t. What is the greatest common factor of p and 17?
17
Suppose 3*f - 75 = 219. What is the highest common factor of f and 14?
14
Suppose -6*s + 7*s - 54 = 0. What is the greatest common factor of s and 135?
27
Let r = -46 + 71. Suppose -2*f = 2*t - 12, 2*t - 3*t + 16 = 3*f. Calculate the greatest common factor of r and f.
5
Let n(k) = -2*k**2 + 4*k + 3. Let z be n(4). Let x = z - -3. Let f = -6 - x. Calculate the highest common factor of f and 1.
1
Let q = -5 + -3. Let z be (-10)/q - 15/(-20). Suppose -k = -4*i + 437, z*i - 73 = -k + 150. Calculate the greatest common factor of i and 22.
22
Let r = -6 - -8. Suppose -r*z = 2*n - 107 - 201, 3*z - n = 446. Let y = -174 + 189. Calculate the greatest common factor of z and y.
15
Let s(l) be the second derivative of -l**4/12 - 4*l**3/3 + 4*l**2 + l. Let t be s(-9). Let h = 26 + t. What is the highest common factor of h and 10?
5
Let h(w) = 3*w - 4. Suppose -3*s = -4*s. Suppose 0*c - 3*c - 15 = s, -17 = -4*o + c. Let q be h(o). What is the highest common divisor of 15 and q?
5
Suppose 0 = -4*c + 2*c. Suppose c = -2*k + 7*k - 200. Let d(p) = p**2 - p. Let x be d(-4). What is the highest common divisor of k and x?
20
Suppose 3*x - x = 0. Suppose 7 = -2*z - 1, -5*k - 4*z + 9 = x. What is the greatest common divisor of 5 and k?
5
Let b(d) = d**3 - d. Let t be b(0). Let v(s) = -s**2 + 20. Let j be v(t). Calculate the greatest common factor of 4 and j.
4
Let g = -59 + 144. Calculate the greatest common divisor of 34 and g.
17
Let h be 8/(-1)*(-3)/6. Calculate the greatest common factor of 1 and h.
1
Suppose -7*g + 2*g = 0, 5*g - 21 = -f. What is the highest common factor of f and 14?
7
Let m be (-4)/20 - (-1653)/15. Calculate the greatest common factor of 10 and m.
10
Let m = 59 + -39. Calculate the highest common divisor of m and 140.
20
Let b(m) = 0 + 0 + 0 - 3*m. Let g be b(-6). Calculate the highest common divisor o